 = 2*m(z) + r(z). Give b(d).
3
Let w = 364 + -370. Let i(l) = l + 6. What is i(w)?
0
Let s(p) = p + 5*p - 13*p**2 + 12*p**2. Determine s(8).
-16
Let v(a) = -a**3 - 19*a**2 - 20*a - 3 + 12*a + 5*a + 13*a**2. What is v(-6)?
15
Let p(k) = k + 3. Let z(m) = 5*m + 6. Let g be z(-7). Let r = g + 24. Give p(r).
-2
Let g(a) = a**2 - 7*a - 10. Let c(o) = o**3 + 19*o**2 + 3*o + 64. Let k be c(-19). What is g(k)?
-10
Let u(f) = -2*f**3 + 22*f**2 + 16*f + 20. Let q(s) = -s**3 - 2*s. Let o(l) = 3*q(l) - u(l). Calculate o(-21).
1
Let s(a) = a**3 - a**2 + 8. Let i(l) = -2*l**3 + 13*l**2 - 22*l + 96. Let t be i(6). Determine s(t).
8
Suppose -2*k - 4 = 4. Let b(j) = -j**2 - 8*j + 4. Let a(u) = -66*u + 51*u - 5*u**2 + u**2 + 7 + 2*u**2. Let x(z) = 6*a(z) - 11*b(z). Calculate x(k).
-10
Let c = 1 + -1. Let i be (-2 - c) + (3 - 0). Let k(d) be the third derivative of -d**6/60 + d**5/60 + 188*d**2. Calculate k(i).
-1
Let c be -7*(5 - 296/56). Let z(p) = 6*p**2 - 1. Determine z(c).
23
Let n be (-1)/14*-2 + (-1107)/(-189). Let t(b) = 1 - 2*b - 2 + 3*b. Calculate t(n).
5
Let z(x) = -2*x**3 + 3*x**2 + 3*x + 3. Let r(f) = f**3 - 9*f**2 + 10*f + 31. Let p be r(7). What is z(p)?
-15
Let k = -363 - -355. Let a(q) = -q**2 - 11*q - 18. Give a(k).
6
Let d(y) be the second derivative of y**4/12 + y**3/2 + 3*y**2/2 - 7*y. Calculate d(-2).
1
Let a(j) = -4*j - 13. Let n(k) = -9 - 6 + 1 - 2*k - 3*k. Let w(s) = -6*a(s) + 5*n(s). Determine w(5).
3
Let i = -8 - -6. Suppose 0*t - 4*t - 32 = 0. Let g = i - t. Let d(l) = -l + 8. Give d(g).
2
Let s(d) = d + d - 5 - 4*d + 0*d. Suppose 5*v - 5*y - 30 = 2*v, -2*y + 14 = 4*v. Calculate s(v).
-15
Let l be -4 - 6/5*255/(-34). Let u(p) = p**3 - 6*p**2 + 3*p - 6. Determine u(l).
-16
Let r(z) be the third derivative of -z**5/10 - z**4/24 - 48*z**2. Calculate r(1).
-7
Let k(x) be the first derivative of x**2/2 - 22*x - 145. What is k(11)?
-11
Let u(a) be the second derivative of -7/6*a**3 + 0 - 1/12*a**4 - 14*a + 11/2*a**2. Give u(-8).
3
Let u(r) = -r**3 - 16*r**2 + r + 14. Suppose -5*q + 2*d - 92 = -2*d, 0 = -4*q - 3*d - 55. What is u(q)?
-2
Let u(c) = -3*c - 33. Let s be u(-11). Let n(f) = 104*f**2 + s - 2*f - 2 - 105*f**2. Determine n(-2).
-2
Let z = -62 - -68. Suppose -7*o + 20 = z. Let h(t) = 3*t**2 - 3*t + 1. Determine h(o).
7
Let r(n) = 4*n + 10. Let u(q) = 7*q + 17. Let a(o) = -5*r(o) + 3*u(o). Calculate a(-8).
-7
Suppose -3*d + 59 = -97. Let l(j) = -d - 2*j + 43 + j. Give l(-8).
-1
Suppose 56*l - 67*l + 11 = 0. Let m(r) = -11*r + 1. Determine m(l).
-10
Let n = 15 - -12. Let l(h) = 0*h - 3*h + n + 21 - 44. What is l(-5)?
19
Let l = -21 + 58. Let g = l + -36. Let b(r) = -10*r + 3 - 4 + 0. Calculate b(g).
-11
Let d = 7 + -11. Let w(o) = -7*o**3 + o**2 + 2*o + 3. Let l(f) = 23*f**3 - 4*f**2 - 5*f - 10. Let n(k) = 3*l(k) + 10*w(k). Give n(d).
12
Let f(r) = -12 + 4*r - 6*r**2 + 6 - 3*r + 2*r + 8. Give f(-2).
-28
Let r = -16 + 19. Let q(y) = -y**3 - 4*y - r + 2 + 3*y. What is q(-1)?
1
Suppose -4*t - 2*s = -2 + 8, 0 = 5*t - s - 10. Let u(d) = 6*d**2 - 8*d**2 + d**2. Let q(l) = 12*l**2 - l + 1. Let v(z) = q(z) + 3*u(z). Give v(t).
9
Suppose -30*i + 38*i + 32 = 0. Let g(r) = -r + 1. Calculate g(i).
5
Let y(j) = 7*j - 1 - 2*j + 0*j. Let r be (5 + 2)*(-16)/(-56). What is y(r)?
9
Let p(r) = -r**2 + 7*r + 21. Let b be p(9). Suppose -3*j + 6*j - b = 0. Let y(u) = -7*u. Let f(q) = -1. Let l(g) = f(g) - y(g). Give l(j).
6
Let w(c) = -4*c + 14. Let m = 574 - 568. What is w(m)?
-10
Let r(z) be the third derivative of -z**7/504 + z**6/240 - z**5/60 + 17*z**4/24 + 19*z**2. Let o(w) be the second derivative of r(w). What is o(2)?
-16
Let n be (45/30)/((-1)/(-2)). Let s(g) = -2 - 5 + 6*g**n - 5*g - 7*g**3 - 7*g**2. What is s(-6)?
-13
Let f be 36/(-30)*(-10)/(-3). Suppose -2*x = 3*x - 25. Let u(q) = 5*q. Let g(o) = -11*o + 1. Let p(h) = x*u(h) + 2*g(h). Give p(f).
-10
Suppose 0 = 3*p - 2*p - 3. Suppose 4*x - p = 1. Let n(t) = x + 6*t - 10 + 3*t - t**2. What is n(6)?
9
Let j(y) = -8*y - 28. Let c(d) = 3*d + 13. Let i(x) = 5*c(x) + 2*j(x). Let h = -9 - -16. Calculate i(h).
2
Suppose -22*g - 55 = 77. Let p(c) = -2*c**2 - 6*c + 4. What is p(g)?
-32
Let u(f) = -136 + 2*f**2 - f**3 + 65 + f**2 + 70. Determine u(4).
-17
Let q(z) = -z**2 - 17*z - 47. Suppose -c = -2*t + 17, c + 2*t - 5*t + 19 = 0. Determine q(c).
5
Suppose -5*b - 8 + 68 = 0. Let q(o) = -8 + o + 93*o**2 - 105*o**2 - 2 + o**3 - 6. What is q(b)?
-4
Let n(d) be the second derivative of -5*d**3/6 - d**2/2 - 2*d + 6. What is n(4)?
-21
Suppose 0 = -115*k + 117*k - 4. Let g(f) = 3*f - 4. Determine g(k).
2
Let j(c) = -500*c**2 - 2*c - 1 + 2 + 498*c**2 + 2*c. Determine j(1).
-1
Let c(z) = z + 1. Let g = 158 - 152. What is c(g)?
7
Let v(w) = w**2 + 12*w + 22. Let a be v(-10). Let u(d) = -6*d**a + 3*d**3 - 4*d**3 + 69*d - 72*d + 5. Determine u(-4).
-15
Let a(l) = -l**2 + 7*l + 6. Let d(f) = f. Let b(i) = a(i) - 6*d(i). Calculate b(-3).
-6
Suppose -5 = -n - 5*y - 20, 4*n - 16 = -y. Suppose -n*r + 37 = 12. Let x(a) = -a**2 + 6*a + 3. What is x(r)?
8
Let l(t) = t - 5. Suppose 0 = 5*x + 6*o - 79 + 6, -o - 2 = 0. Calculate l(x).
12
Let t(h) = 2*h - 9. Let u(p) = 6*p**2 + 33*p - 10. Let v be u(-6). Give t(v).
7
Let p be 1 + -1 - (4 - 2/(-1)). Let o(l) = 4*l - 18 + 32 - 7. Give o(p).
-17
Let i be (-4)/22 - (-120)/55 - -1. Let l(r) = 3*r - 10. What is l(i)?
-1
Let u be 5*1*514/(-1285). Let l(y) = -5*y + 3. What is l(u)?
13
Suppose 0 = 2*k + d - 7, -3*d + 2*d - 1 = 0. Suppose -k = 3*m - 10. Let z(s) = 1 + 6*s**m - 7*s - 2*s + 7*s. What is z(1)?
5
Let t(i) = -i**3 - i + 1. Let p(g) = -g**3 + 9*g**2 + 9*g + 14. Let d be p(10). Let m = d - 8. Let b be 2 - (5 + m/1). What is t(b)?
-1
Suppose 0 = 5*v - 25, 3*v + 4 = -2*o + 61. Let p be 28/6*o/14. Let q(k) = k**3 - 7*k**2 - k + 9. Determine q(p).
2
Let u(a) be the second derivative of a**4/6 - a**3 - a**2/2 + 465*a. Give u(3).
-1
Let b(z) = z**2 + 6*z - 18. Let u be b(-9). Let r(h) = -3*h**2 + 8*h - 10. Let x(k) = k**2 + k + 1. Let w(p) = -r(p) - 2*x(p). Determine w(u).
-1
Let k(q) be the second derivative of q**3/2 - 13*q. Let u be (-2)/(3 - 5) - 1. Suppose -2*f = 5*t - 25, u = -t - 5*f + 39 - 11. What is k(t)?
9
Let m(u) = u**3 + 4*u**2 + 3*u + 2. Let a = 137 + -136. Let c be -6*(12/(-54))/(a/(-3)). Determine m(c).
-10
Let j(r) = 2*r + 9. Let i = -241 - -235. Determine j(i).
-3
Let u(a) = a**2 + 7*a - 6. Let h(t) = 2*t**2 + 14*t + 2. Let s be h(-8). Let d be (s/7)/((-39)/182). Let l be d*((-3)/(-6) + 0). Determine u(l).
-12
Let r(s) = 3*s - 40. Let u be r(16). Suppose -u*p - 30 - 26 = 0. Let g(d) = -d**2 - 7*d. Give g(p).
0
Let l(r) = -9*r**2 + r + 8. Let s(m) = 4*m**2 - 4. Let g be (-3)/6*(4 + (1 - -1)). Let i(t) = g*l(t) - 7*s(t). What is i(-3)?
4
Let f(z) = z**3 - 6*z**2 + 5*z + 1. Let w = -21 - -41. Let n be (-15)/w - 254/(-8). Let p = n + -26. What is f(p)?
1
Let g be (2*(-2)/(-6))/((-1)/(-6)). Let f(d) be the second derivative of 1/2*d**3 + 0 + 2*d**2 - 4*d - 1/12*d**g. What is f(4)?
0
Let c(d) = -d**2 - 12*d - 6. Let h be c(-11). Suppose -v - 7 = 5*y, -h*y - 9 - 13 = -4*v. Let a(t) = 2*t**2 + 0 + 2 + t**3 + t**3 - t. What is a(y)?
-4
Let z(v) = 3*v - 12. Let b(l) = l + 2. Let g be b(3). What is z(g)?
3
Suppose -2*t + d + 27 - 47 = 0, -3*t - 30 = -2*d. Let x(f) = f**2 + 6*f - 33. Give x(t).
7
Let g(u) = u**3 - 6*u**2 - 5*u + 2. Suppose 158 = -15*t + 263. Give g(t).
16
Let b be (-1 - 1)/(9/18). Let l(i) = -4*i + 0*i + 4*i**3 - 3*i**3 + 7*i + 5*i**2 - 5. What is l(b)?
-1
Let c(w) = -3*w**2 + 11*w - 9*w + 4*w**2 - 3. Let o = 52 - 55. Calculate c(o).
0
Let a(s) = s**2 + 6*s. Let c be a(-4). Let k(z) = -z**3 - 9*z**2 - 9*z + 1. Determine k(c).
9
Let d(b) = -34*b + 586. Let x be d(17). Let w(m) = -4*m - 8. Calculate w(x).
-40
Let q(l) = l**3 + 4*l**2 - 5*l - 3. Let i be q(-5). Let f(d) = -105*d**3 + 6*d**2 - 1 - 99*d**3 - 2 - 5*d - 3*d**2 + 206*d**3. Give f(i).
-15
Let m(b) = -b**3 + 2*b**2 + 3*b - 6. Let u be -3 + (-18)/(5 + -8). Give m(u).
-6
Let g be ((-756)/(-315))/(6/10). Let a(d) = 2*d**3 - 4*d**2 - 2*d + 5. What is a(g)?
61
Let i = 8 + 2. Let k = -8 + i. Let l(f) = 3*f**2 - 7*f - 4*f**k + f. Give l(-5).
5
Let f(o) = 5*o**2 + 22*o - 22. Let t(b) = -11*b**2 - 45*b + 48. Let d(u) = -13*f(u) - 6*t(u). What is d(17)?
15
Let x(q) = 22*q - 14. Let f(y) = -14*y + 9. Let p(c